{"id":2,"date":"2023-12-31T15:48:19","date_gmt":"2023-12-31T14:48:19","guid":{"rendered":"https:\/\/hotel-diege.com\/?page_id=2"},"modified":"2024-02-20T22:15:55","modified_gmt":"2024-02-20T21:15:55","slug":"page-d-exemple","status":"publish","type":"page","link":"https:\/\/hotel-diege.com\/","title":{"rendered":"H\u00d4TEL RESTAURANT"},"content":{"rendered":"\n<h1 class=\"wp-block-heading\">H\u00f4tel Restaurant Logis \u2013 S\u00e9journez au c\u0153ur de la Vall\u00e9e du Lot entre Lot et Aveyron, a 8 km de Figeac<\/h1>\n\n\n\n<p><\/p>\n\n\n\n<div class=\"wp-block-media-text is-stacked-on-mobile\" style=\"grid-template-columns:25% auto\"><figure class=\"wp-block-media-text__media\"><img loading=\"lazy\" decoding=\"async\" width=\"684\" height=\"415\" src=\"https:\/\/hotel-diege.com\/wp-content\/uploads\/2024\/02\/AUBERGE0612.jpg\" alt=\"\" class=\"wp-image-14 size-full\" srcset=\"https:\/\/hotel-diege.com\/wp-content\/uploads\/2024\/02\/AUBERGE0612.jpg 684w, https:\/\/hotel-diege.com\/wp-content\/uploads\/2024\/02\/AUBERGE0612-300x182.jpg 300w\" sizes=\"(max-width: 684px) 100vw, 684px\" \/><\/figure><div class=\"wp-block-media-text__content\">\n<p>Notre h\u00f4tel restaurant Logis est id\u00e9alement situ\u00e9 au calme, au c\u0153ur de la Vall\u00e9e du Lot, pr\u00e8s de Capdenac dans le d\u00e9partement de l\u2019Aveyron et de Figeac dans le d\u00e9partement du Lot. Que vous soyez un homme d\u2019affaires ou un touriste, nous nous effor\u00e7ons de rendre votre s\u00e9jour agr\u00e9able.<\/p>\n<\/div><\/div>\n\n\n\n<p><\/p>\n\n\n\n<div class=\"wp-block-media-text has-media-on-the-right is-stacked-on-mobile\" style=\"grid-template-columns:auto 25%\"><div class=\"wp-block-media-text__content\">\n<p>Nous sommes ouverts toute l\u2019ann\u00e9e et disposons de 28 chambres climatis\u00e9es, confortables et \u00e9quip\u00e9es du wifi, d\u2019une t\u00e9l\u00e9vision, d\u2019un s\u00e8che-cheveux, de Canal+ et de cha\u00eenes \u00e9trang\u00e8res. Notre \u00e9tablissement propose \u00e9galement un restaurant traditionnel, un parking, une piscine, un sauna, un spa et des chalets pour un s\u00e9jour tout confort.<\/p>\n<\/div><figure class=\"wp-block-media-text__media\"><img loading=\"lazy\" decoding=\"async\" width=\"1024\" height=\"681\" src=\"https:\/\/hotel-diege.com\/wp-content\/uploads\/2024\/02\/chambre-8-1024x681.jpg\" alt=\"\" class=\"wp-image-37 size-full\" srcset=\"https:\/\/hotel-diege.com\/wp-content\/uploads\/2024\/02\/chambre-8-1024x681.jpg 1024w, https:\/\/hotel-diege.com\/wp-content\/uploads\/2024\/02\/chambre-8-300x200.jpg 300w, https:\/\/hotel-diege.com\/wp-content\/uploads\/2024\/02\/chambre-8-768x511.jpg 768w, https:\/\/hotel-diege.com\/wp-content\/uploads\/2024\/02\/chambre-8.jpg 1078w\" sizes=\"(max-width: 1024px) 100vw, 1024px\" \/><\/figure><\/div>\n\n\n\n<p><\/p>\n\n\n\n<div class=\"wp-block-media-text is-stacked-on-mobile\" style=\"grid-template-columns:25% auto\"><figure class=\"wp-block-media-text__media\"><img loading=\"lazy\" decoding=\"async\" width=\"1000\" height=\"750\" src=\"https:\/\/hotel-diege.com\/wp-content\/uploads\/2024\/02\/DJI_0103_resized.jpg\" alt=\"\" class=\"wp-image-46 size-full\" srcset=\"https:\/\/hotel-diege.com\/wp-content\/uploads\/2024\/02\/DJI_0103_resized.jpg 1000w, https:\/\/hotel-diege.com\/wp-content\/uploads\/2024\/02\/DJI_0103_resized-300x225.jpg 300w, https:\/\/hotel-diege.com\/wp-content\/uploads\/2024\/02\/DJI_0103_resized-768x576.jpg 768w\" sizes=\"(max-width: 1000px) 100vw, 1000px\" \/><\/figure><div class=\"wp-block-media-text__content\">\n<p>Nous sommes engag\u00e9s depuis 2017 dans une d\u00e9marche environnementale, en utilisant des ampoules LED, en favorisant l\u2019\u00e9conomie d\u2019eau et en installant des panneaux solaires thermiques et photovolta\u00efques. Nous sommes fiers de contribuer ainsi \u00e0 la pr\u00e9servation de notre environnement.<\/p>\n<\/div><\/div>\n\n\n\n<p><\/p>\n\n\n\n<div class=\"wp-block-media-text has-media-on-the-right is-stacked-on-mobile\" style=\"grid-template-columns:auto 25%\"><div class=\"wp-block-media-text__content\">\n<p>Gr\u00e2ce \u00e0 notre emplacement privil\u00e9gi\u00e9, vous pourrez d\u00e9couvrir les principaux sites touristiques de la r\u00e9gion et profiter d\u2019une multitude d\u2019activit\u00e9s. La Vall\u00e9e du Lot regorge de tr\u00e9sors \u00e0 explorer, que ce soit en visitant les villages pittoresques, en d\u00e9couvrant le patrimoine historique ou en pratiquant des activit\u00e9s de plein air.<\/p>\n<\/div><figure class=\"wp-block-media-text__media\"><img loading=\"lazy\" decoding=\"async\" width=\"614\" height=\"609\" src=\"https:\/\/hotel-diege.com\/wp-content\/uploads\/2024\/02\/carte1.gif\" alt=\"\" class=\"wp-image-70 size-full\"\/><\/figure><\/div>\n\n\n\n<p><\/p>\n\n\n\n<div class=\"wp-block-media-text is-stacked-on-mobile\" style=\"grid-template-columns:25% auto\"><figure class=\"wp-block-media-text__media\"><img loading=\"lazy\" decoding=\"async\" width=\"1024\" height=\"756\" src=\"https:\/\/hotel-diege.com\/wp-content\/uploads\/2024\/02\/SALLE-DE-RESTAURANT-1024x756.jpg\" alt=\"\" class=\"wp-image-71 size-full\" srcset=\"https:\/\/hotel-diege.com\/wp-content\/uploads\/2024\/02\/SALLE-DE-RESTAURANT-1024x756.jpg 1024w, https:\/\/hotel-diege.com\/wp-content\/uploads\/2024\/02\/SALLE-DE-RESTAURANT-300x222.jpg 300w, https:\/\/hotel-diege.com\/wp-content\/uploads\/2024\/02\/SALLE-DE-RESTAURANT-768x567.jpg 768w, https:\/\/hotel-diege.com\/wp-content\/uploads\/2024\/02\/SALLE-DE-RESTAURANT-1536x1135.jpg 1536w, https:\/\/hotel-diege.com\/wp-content\/uploads\/2024\/02\/SALLE-DE-RESTAURANT.jpg 1936w\" sizes=\"(max-width: 1024px) 100vw, 1024px\" \/><\/figure><div class=\"wp-block-media-text__content\">\n<p>Notre restaurant vous propose une cuisine traditionnelle mettant en valeur les produits locaux et de saison. Vous pourrez d\u00e9guster des plats savoureux et authentiques, pr\u00e9par\u00e9s avec soin par notre \u00e9quipe de cuisiniers passionn\u00e9s.<\/p>\n<\/div><\/div>\n\n\n\n<p><\/p>\n\n\n\n<div class=\"wp-block-media-text has-media-on-the-right is-stacked-on-mobile\" style=\"grid-template-columns:auto 25%\"><div class=\"wp-block-media-text__content\">\n<p>Apr\u00e8s une journ\u00e9e bien remplie, vous pourrez vous d\u00e9tendre dans notre piscine ext\u00e9rieure ou profiter des bienfaits du sauna et du spa. Pour les amateurs de nature, des chalets sont \u00e9galement disponibles pour un s\u00e9jour en pleine nature.<\/p>\n<\/div><figure class=\"wp-block-media-text__media\"><img loading=\"lazy\" decoding=\"async\" width=\"1024\" height=\"682\" src=\"https:\/\/hotel-diege.com\/wp-content\/uploads\/2024\/02\/terrasse-ext.jpg\" alt=\"\" class=\"wp-image-131 size-full\" srcset=\"https:\/\/hotel-diege.com\/wp-content\/uploads\/2024\/02\/terrasse-ext.jpg 1024w, https:\/\/hotel-diege.com\/wp-content\/uploads\/2024\/02\/terrasse-ext-300x200.jpg 300w, https:\/\/hotel-diege.com\/wp-content\/uploads\/2024\/02\/terrasse-ext-768x512.jpg 768w\" sizes=\"(max-width: 1024px) 100vw, 1024px\" \/><\/figure><\/div>\n\n\n\n<p><\/p>\n\n\n\n<div class=\"wp-block-media-text is-stacked-on-mobile\" style=\"grid-template-columns:25% auto\"><figure class=\"wp-block-media-text__media\"><img loading=\"lazy\" decoding=\"async\" width=\"1024\" height=\"684\" src=\"https:\/\/hotel-diege.com\/wp-content\/uploads\/2024\/02\/Salle-de-seminaire-4-1024x684.jpg\" alt=\"\" class=\"wp-image-72 size-full\" srcset=\"https:\/\/hotel-diege.com\/wp-content\/uploads\/2024\/02\/Salle-de-seminaire-4-1024x684.jpg 1024w, https:\/\/hotel-diege.com\/wp-content\/uploads\/2024\/02\/Salle-de-seminaire-4-300x200.jpg 300w, https:\/\/hotel-diege.com\/wp-content\/uploads\/2024\/02\/Salle-de-seminaire-4-768x513.jpg 768w, https:\/\/hotel-diege.com\/wp-content\/uploads\/2024\/02\/Salle-de-seminaire-4-1536x1025.jpg 1536w, https:\/\/hotel-diege.com\/wp-content\/uploads\/2024\/02\/Salle-de-seminaire-4-2048x1367.jpg 2048w\" sizes=\"(max-width: 1024px) 100vw, 1024px\" \/><\/figure><div class=\"wp-block-media-text__content\">\n<p>Nous accueillons aussi bien les professionnels en d\u00e9placement que les familles en vacances. Notre \u00e9tablissement dispose de salles de r\u00e9union et de banquet pour vos \u00e9v\u00e9nements professionnels ou priv\u00e9s.<\/p>\n<\/div><\/div>\n\n\n\n<p>Notre \u00e9quipe attentionn\u00e9e est \u00e0 votre disposition pour r\u00e9pondre \u00e0 toutes vos demandes et rendre votre s\u00e9jour inoubliable. Nous mettons un point d\u2019honneur \u00e0 vous offrir un service de qualit\u00e9 et \u00e0 vous faire sentir comme chez vous.<\/p>\n\n\n\n<p>R\u00e9servez d\u00e8s maintenant votre s\u00e9jour \u00e0 l\u2019h\u00f4tel restaurant Logis et profitez d\u2019un lieu de s\u00e9jour id\u00e9al pour d\u00e9couvrir la Vall\u00e9e du Lot et ses merveilles.<\/p>\n\n\n\n<figure class=\"wp-block-image aligncenter size-full is-resized\"><a href=\"https:\/\/premium.logishotels.com\/fo\/booking\/233\/542\/dates?specialMode=default&amp;langcode=FR&amp;custid=233&amp;hotelid=542&amp;m=booking\" target=\"_blank\" rel=\"noreferrer noopener\"><img loading=\"lazy\" decoding=\"async\" width=\"433\" height=\"116\" src=\"https:\/\/hotel-diege.com\/wp-content\/uploads\/2024\/02\/meilleur-tarif.png\" alt=\"\" class=\"wp-image-125\" style=\"width:235px;height:auto\" srcset=\"https:\/\/hotel-diege.com\/wp-content\/uploads\/2024\/02\/meilleur-tarif.png 433w, https:\/\/hotel-diege.com\/wp-content\/uploads\/2024\/02\/meilleur-tarif-300x80.png 300w\" sizes=\"(max-width: 433px) 100vw, 433px\" \/><\/a><\/figure>\n","protected":false},"excerpt":{"rendered":"<p>H\u00f4tel Restaurant Logis \u2013 S\u00e9journez au c\u0153ur de la Vall\u00e9e du Lot entre Lot et Aveyron, a 8 km de<\/p>\n","protected":false},"author":1,"featured_media":0,"parent":0,"menu_order":0,"comment_status":"closed","ping_status":"open","template":"","meta":{"footnotes":""},"class_list":["post-2","page","type-page","status-publish","hentry"],"_links":{"self":[{"href":"https:\/\/hotel-diege.com\/index.php\/wp-json\/wp\/v2\/pages\/2"}],"collection":[{"href":"https:\/\/hotel-diege.com\/index.php\/wp-json\/wp\/v2\/pages"}],"about":[{"href":"https:\/\/hotel-diege.com\/index.php\/wp-json\/wp\/v2\/types\/page"}],"author":[{"embeddable":true,"href":"https:\/\/hotel-diege.com\/index.php\/wp-json\/wp\/v2\/users\/1"}],"replies":[{"embeddable":true,"href":"https:\/\/hotel-diege.com\/index.php\/wp-json\/wp\/v2\/comments?post=2"}],"version-history":[{"count":12,"href":"https:\/\/hotel-diege.com\/index.php\/wp-json\/wp\/v2\/pages\/2\/revisions"}],"predecessor-version":[{"id":133,"href":"https:\/\/hotel-diege.com\/index.php\/wp-json\/wp\/v2\/pages\/2\/revisions\/133"}],"wp:attachment":[{"href":"https:\/\/hotel-diege.com\/index.php\/wp-json\/wp\/v2\/media?parent=2"}],"curies":[{"name":"wp","href":"https:\/\/api.w.org\/{rel}","templated":true}]}}